at is o(m)?
-5
Let t(o) = -88*o - 185. Let n be t(-16). Let v(i) = 1223 - 6*i - n - i**3 + 5*i**2. Give v(4).
-8
Let n(g) be the second derivative of g**4/12 + 7*g**3/6 + 3*g**2/2 + 10*g - 151. Suppose 20 = -5*t + t. Calculate n(t).
-7
Let o(i) be the third derivative of i**7/1260 - i**6/720 + 7*i**4/24 - i**3 - 28*i**2 - 1. Let m(g) be the second derivative of o(g). Give m(2).
6
Let w(n) = n**3 - 12*n**2 - 14*n + 15. Let b = 45 + -49. Let c(t) = 5*t**2 + 17*t + 1. Let i be c(b). Determine w(i).
2
Let w(c) = c**3 + 8*c**2. Let j(i) = -11*i**3 + 8*i**2 - 1. Let r be j(1). Calculate w(r).
64
Let u(m) = 13*m**2 + 34*m + 21. Let v(i) = 0*i**2 + 3*i**2 - 955 + 8*i + 0*i**2 + 960. Let p(a) = -2*u(a) + 9*v(a). Suppose -g - 1 = 3. Give p(g).
3
Let m(j) be the third derivative of -j**6/120 - j**5/60 - 5*j**4/24 + j**3/2 + j**2 + 4*j + 23. Give m(0).
3
Suppose w + v + 11 = -4*v, -3 = w + 3*v. Let y be (-3 + 33/w)*21. Let q(h) = -3*h**2 + h**3 - 10*h**2 - 1 - 5*h**2 + y*h**2 + 2*h. Determine q(4).
7
Let x be 1 - (-4 + 16)/(-4). Suppose 0 = -2*k + g + 5, -4*k + 3*g - x = -9. Let p(z) = z**2 - 3*z + 2. Give p(k).
12
Suppose -6*j - 39*j = 57*j + 15*j. Let m(b) be the second derivative of -1/12*b**4 + 0 + 3*b + 4*b**2 + 1/20*b**5 + 0*b**3. Give m(j).
8
Let m(w) be the first derivative of -w**3/3 + 17*w**2/2 - 4*w + 2063. Give m(18).
-22
Let n(h) = -16*h**2 + 2*h - 1. Let b(x) = -2*x**3 - 5*x**2 + x + 11. Let l be b(5). Let v = l - -360. What is n(v)?
-15
Let g(m) be the second derivative of m**5/20 - 5*m**4/12 - 2*m**2 + 2*m - 716. Determine g(5).
-4
Let d be 96/(-14)*(-14)/6. Let c(b) = b**2 - 18*b + 12. Calculate c(d).
-20
Let o(r) = 6 + 5*r - 4 + 27 + 23. What is o(-10)?
2
Let v(o) be the first derivative of 6 + 0*o**2 + 5*o - 2*o**2 + 2 + 3*o**2. Let d = 208 + -214. Give v(d).
-7
Let n(b) = -b**3 + 5*b**2 - 5*b + 1. Let w be (55/(-10) + 4)/((-2)/4). Suppose -u - 1 = 0, w*g - 8*g - 3*u + 17 = 0. Determine n(g).
-3
Let y be (765/68)/((-6)/(-32)) + (-2 - -2). Let l(c) = c**2 - 54*c - 349. Give l(y).
11
Let s(h) = -572*h. Let r(y) = 686*y. Let b(v) = 5*r(v) + 6*s(v). Let q be (-6)/(-4) + (-1)/2. Give b(q).
-2
Let y(a) = a**2 + 29*a - 22. Let o = -3284 - -3254. Determine y(o).
8
Let v(o) = o**2 - 7*o + 3. Let l be ((-55)/(-15) + -5)/(2/(-6)). Suppose 0 = -w - m - 17, 2*m - 23 = -3*w + l*w. Let c = w + 25. Determine v(c).
-3
Let y(j) = 65*j - 2212. Let k be y(34). Let i(b) = -b + 1. Let q(t) = -7*t + 3 + 3 + 1. Let v(n) = 6*i(n) - q(n). Calculate v(k).
-3
Let t(c) = 41*c - 1143. Let y be t(28). Let l(x) = 18*x - 12. What is l(y)?
78
Let b be 1/((-1)/(-1 + -4)). Let f(k) be the second derivative of -3*k**3/2 + 51*k**2 + 84*k. Let y(w) = w - 10. Let d(v) = 2*f(v) + 21*y(v). Determine d(b).
9
Suppose -9*d + 7*d + 90 = 0. Let r = d - 42. Let o(c) = 12 + 5*c**2 - 11 - c**r - 2*c + 1. Give o(2).
10
Let r(m) be the third derivative of m**5/30 - m**4/12 - m**3/3 - m**2. Let d(i) = 8*i + 222. Let k be (-20 - -29) + -2 + -35. Let c be d(k). Give r(c).
10
Let h(d) = 4*d**3 + 3*d**2 - 20*d + 1. Let k(b) = 2*b**3 + 4*b**2 - 9*b. Let o(l) = 4*h(l) - 9*k(l). Determine o(-12).
-8
Suppose 0 = 4*h + 12*h - 32. Let i(b) = -2 + 548*b + 6*b**h - 7*b**2 - 549*b. Calculate i(-2).
-4
Let j(t) = 4 - 1 + 5*t**2 + 8*t**2 - 15*t**2 + t**2. Give j(0).
3
Let q(l) = -12*l**3 - l**2 + l + 1. Suppose 5*x - 14 = -4*s + 1, 3*s + 2*x = 13. Suppose 5*u = -s*d - 41 + 51, u - 3*d = -10. Give q(u).
11
Let k(m) = -m**2 - 2*m + 3. Let u(w) = -8*w**2 + 2*w - 7. Let n(s) = 4*k(s) + 2*u(s). Determine n(-1).
-18
Let h(m) be the first derivative of 5*m**2/2 - 2*m + 1567. Suppose -4*i - 17 = -p, -p = -3 + 2. Calculate h(i).
-22
Let c(q) = -90*q + 1082. Let x be c(12). Let y(r) be the second derivative of 1/6*r**3 + 30*r + 0 - 5/2*r**x + 1/12*r**4. What is y(-4)?
7
Let p(z) = 2*z - 3. Suppose 3 = -3*l + 15. Let s(f) = 3*f - 4. Suppose -10*g - 43 + 13 = 0. Let k(o) = g*s(o) + l*p(o). Calculate k(-5).
5
Let r be (-9)/12*4 + -2 - -3. Let v(c) = c + 0 + 2 + 9*c + 1 - 5. What is v(r)?
-22
Suppose 0 = 4*c + 5*h + 48, 5*c - 3*h = -h - 27. Let u(y) = -4*y - 9. Let d be u(c). Let x(i) = -d + i**2 + 29 - 19*i**3 - 2*i + i**2 - 9. Give x(1).
-18
Let r = 960 - 953. Let x(q) = -q**2 - 10*q - 11. Let h be x(-9). Let s(m) = 2*m - 3. Let o(y) = 6*y - 8. Let t(c) = h*o(c) + r*s(c). Determine t(5).
5
Let c(t) be the first derivative of -t**5/2 + t**4/6 + t**3/3 + t**2/2 + 70*t - 40. Let g(m) be the first derivative of c(m). Determine g(-1).
11
Let h(g) = -15*g - 469. Suppose 0 = 118938*n - 118951*n - 403. Give h(n).
-4
Let u be (-2)/6 - (-80)/(-12). Let i(r) be the third derivative of -4/3*r**3 - 113*r**2 + 7/24*r**4 + 0*r + 0 + 1/60*r**5. Determine i(u).
-8
Let t(i) = -235*i**2 - 226*i**2 + 6*i + 11 - 21*i + 459*i**2. What is t(-5)?
36
Let d(k) = -k - 1. Let s be d(-5). Let a(x) = 10574 - 5283 - 2*x**2 + x - 5291. Give a(s).
-28
Let g(z) = 2*z + 13. Let c be (-7 - (-387)/63)*-168. Let h be 960/c*3/(-2). Give g(h).
-7
Let b(w) = -5*w + 5*w - 1 + 4*w - w. Let q be b(2). Let m(t) be the first derivative of 3*t**2/2 - 255. Give m(q).
15
Let p(s) = -s**2 - 11*s + 6. Let z(b) = -b**2 - 11*b + 6. Let y(q) = -3*p(q) + 2*z(q). Suppose 17 = -4*u - 27. What is y(u)?
-6
Let o(z) be the second derivative of -z**4/12 + 2*z**3/3 + 3*z**2/2 - 18*z. Let l be o(4). Let x(v) = v**3 - 5*v**2 + 4*v. What is x(l)?
-6
Let h(j) = -j**3 + 3*j**2 - 1. Suppose 3*c - 4*m = m + 81, c + 5*m = 7. Suppose 3*f = w - 1, c*w + 4*f + 16 = 27*w. Give h(w).
-17
Let n(d) be the second derivative of -d**6/720 + 23*d**5/120 - 5*d**4/2 - d**3/3 - 22*d. Let u(f) be the third derivative of n(f). Determine u(17).
6
Suppose -7*x + 18 + 10 = 0. Let h be (16/2 + -2)/((-6)/x). Let o(s) = 3*s + 9. Let a be o(h). Let i(p) = p**3 + p**2 - 2*p + 3. Determine i(a).
-9
Let b(q) = q**2 + 71*q - 460. Let j be b(6). Let k(t) = 33*t - 67. Give k(j).
-1
Let d(k) = 4*k - 15. Let n(y) = y + 1. Let u(s) = d(s) + 5*n(s). Give u(2).
8
Let i = 4390 + -4382. Let l(m) = m**3 - 8*m**2 - 6. Determine l(i).
-6
Let b(x) = 2*x + 40650 - 20326 + 2*x**2 - x**2 - 20327. Calculate b(3).
12
Let x(d) = 113*d. Let r(l) = -43*l - 2. Let n(q) = -8*r(q) - 3*x(q). Determine n(-2).
6
Suppose l + 5*d - 3 - 8 = 0, -5*d = -10. Let g be (-3)/(2 - l/2). Let x(b) = 15*b - 47*b + 28*b. Determine x(g).
8
Let i be (6/(-5))/((-19)/190). Let r be -8 + 3 + i + (3 - -1). Let g(s) = -2*s + 14. Calculate g(r).
-8
Let s(x) = -x**3 - 7*x**2 + 6*x - 14. Let r be (-51)/85*10/(-6)*-8. Calculate s(r).
2
Let c(m) = 3*m**3 - 7*m**2 + 8*m + 7. Let x(b) = -22*b**3 + 46*b**2 - 55*b - 45. Let q(z) = -15*c(z) - 2*x(z). Let u(g) = -g + 7. Let y be u(-5). Give q(y).
9
Let d = 16770 - 16789. Let g(w) = w**3 + 20*w**2 + 17*w - 3. What is g(d)?
35
Let r(o) = o**2 - 3*o - 92. Let w be r(-8). Let k(d) = -d**2 - 2*d + 16. Give k(w).
8
Let s = 3 + 5. Suppose -s = -t - 4. Suppose 7 - 3 = -t*j. Let z(y) = -17*y + 1. What is z(j)?
18
Suppose 4*x + 201 = -2775. Let w = -753 - x. Let j(y) = -y**3 - 10*y**2 - 6*y + 9. Determine j(w).
-18
Let t = -427 - -499. Let h(l) = 140 - t - 13*l - 69. Let p be 3/9 - (-6)/9. Calculate h(p).
-14
Let h(w) = -8*w**2 + 130*w + 68 - 24994*w**3 - 137*w + 24995*w**3. Calculate h(8).
12
Let d(k) = 3*k - 41. Let v(i) = 2*i + 16. Let t(y) = 3*y + 35. Let g(z) = -4*t(z) + 7*v(z). Let f(w) = 5*d(w) - 7*g(w). Determine f(6).
-3
Let g(i) be the first derivative of i**3/3 + i**2 + 3*i + 15. Let l(n) = 2*n - 6. Let s be l(1). What is g(s)?
11
Let b(v) = -279*v - 2. Let m(k) = 132*k + 1. Let h(j) = 6*b(j) + 13*m(j). Give h(-1).
-41
Suppose 156 = 211*n + 521 - 3108. Let r(g) = -g**2 + 7*g - 1. Determine r(n).
-79
Let z(g) = -7 - 2*g + 3 - 3. Let x(l) = -3*l - 22. Let p(a) = -6*a**2 + 1. Let d be p(1). Let t be x(d). What is z(t)?
7
Let w be (-7)/(-49)*7 - -4. Let l(c) = -5*c**3 + 11*c**2 - 20*c - 9. Let f(j) = -4*j**3 + 10*j**2 - 18*j - 9. Let n(s) = w*l(s) - 6*f(s). Calculate n(-6).
-3
Let t(j) be the first derivative of -j**2/2 + 67*j + 1908. Give t(16).
51
Let i = -323 - -317. Let a be ((1 - 0)*-3)/((-2)/i). Let l(o) = 2*o + 18. What is l(a)?
0
Let l(k) be the third derivative of k**5/20 + k**4/6 + k**3/3 - 8*k**2. Suppose -3*s = 3*q + 6, 0*q + 5*s + 8 = -4*q. Give l(q).
6
Let t = -116 + 117. Suppose -t = -3*n + 11. Let u(